{"id":3568,"date":"2018-02-17T10:57:59","date_gmt":"2018-02-17T10:57:59","guid":{"rendered":"https:\/\/samymrena.fi\/?page_id=3568"},"modified":"2022-04-04T20:17:17","modified_gmt":"2022-04-04T20:17:17","slug":"cv","status":"publish","type":"page","link":"https:\/\/samymrena.fi\/en\/cv\/","title":{"rendered":"CV"},"content":{"rendered":"<div class=\"wpb-content-wrapper\"><p>[vc_row content_placement=&#8221;top&#8221; css=&#8221;.vc_custom_1518957166448{background-color: #ffffff !important;}&#8221;][vc_column width=&#8221;2\/3&#8243; css=&#8221;.vc_custom_1518870204235{margin-top: 0px !important;border-top-width: 0px !important;padding-top: 0px !important;padding-bottom: 40px !important;}&#8221;][vc_empty_space height=&#8221;40px&#8221;][vc_column_text]<\/p>\n<h2>Tausta ja koulutus<\/h2>\n<p>[\/vc_column_text][vc_empty_space height=&#8221;40px&#8221;][cms_list list_style=&#8221;list-style7&#8243; cms_list_fontsize=&#8221;28&#8243; cms_list_lineheight=&#8221;1.8&#8243; cms_list_color=&#8221;#000000&#8243; cms_list=&#8221;%5B%7B%22cms_list_item%22%3A%22Synnyin%20vuonna%201974%20Vantaalla%22%7D%2C%7B%22cms_list_item%22%3A%22Valmistuin%20l%C3%A4%C3%A4ketieteen%20lisensiaatiksi%20Tampereen%20yliopistosta%202001%22%7D%2C%7B%22cms_list_item%22%3A%22V%C3%A4ittelin%20aiheesta%20tyypin%201%20diabeteksen%20ennustaminen%20sairastuneiden%20lasten%20sisaruksilla%202005%22%7D%2C%7B%22cms_list_item%22%3A%22Silm%C3%A4tautien%20erikoisl%C3%A4%C3%A4k%C3%A4rin%20p%C3%A4tevyys%202007%22%7D%2C%7B%22cms_list_item%22%3A%22Fellow%20of%20The%20European%20Board%20of%20Ophthalmology-p%C3%A4tevyys%202007%22%7D%2C%7B%22cms_list_item%22%3A%22Silm%C3%A4kirurgian%20erityisp%C3%A4tevyys%202009%22%7D%2C%7B%22cms_list_item%22%3A%22L%C3%A4%C3%A4ketieteen%20ja%20kirurgian%20tohtori%2C%20%20Helsingin%20yliopiston%20l%C3%A4%C3%A4ketieteellisen%20tiedekunnan%20XIV%20tohtoripromootio%202016%22%7D%5D&#8221;][\/vc_column][vc_column width=&#8221;1\/3&#8243; css=&#8221;.vc_custom_1518870212522{margin-top: 0px !important;border-top-width: 0px !important;padding-top: 0px !important;padding-bottom: 40px !important;}&#8221;][vc_single_image image=&#8221;3575&#8243; img_size=&#8221;medium&#8221; add_caption=&#8221;yes&#8221; alignment=&#8221;center&#8221;][vc_empty_space height=&#8221;20px&#8221;][vc_column_text]<\/p>\n<h3 style=\"text-align: center;\"><strong><span style=\"color: #000000;\">Samy Mrena Silm\u00e4l\u00e4\u00e4k\u00e4ri<\/span><\/strong><\/h3>\n<h6 style=\"text-align: center;\"><span style=\"color: #808080;\">Erikoisosaaminen: Erityisesti kaihi- ja sarveiskalvo-ongelmaiset potilaat sek\u00e4 refraktiivisen kirurgian potilaat, leikkauspotilaiden esi- ja j\u00e4lkitarkastukset, sek\u00e4 p\u00e4ivystyspotilaat.<\/span><\/h6>\n<p>[\/vc_column_text][vc_row_inner content_placement=&#8221;middle&#8221;][vc_column_inner][vc_empty_space height=&#8221;20px&#8221;][vc_btn title=&#8221;V\u00c4IT\u00d6SKIRJA&#8221; style=&#8221;custom&#8221; custom_background=&#8221;#282f37&#8243; custom_text=&#8221;#ffffff&#8221; align=&#8221;center&#8221; link=&#8221;url:%2Fwp-content%2Fuploads%2F2022%2F04%2Fpreclini.pdf|target:_blank&#8221;][\/vc_column_inner][\/vc_row_inner][\/vc_column][\/vc_row][vc_row full_width=&#8221;stretch_row&#8221; content_placement=&#8221;top&#8221; css=&#8221;.vc_custom_1518869815542{background-color: #d3d3d3 !important;}&#8221;][vc_column width=&#8221;5\/6&#8243; css=&#8221;.vc_custom_1518957986224{padding-top: 60px !important;padding-right: 60px !important;padding-bottom: 70px !important;}&#8221;][vc_column_text]<\/p>\n<h2>Julkaisut ja tutkimusty\u00f6<\/h2>\n<p>[\/vc_column_text][vc_empty_space height=&#8221;40px&#8221;][cms_list list_style=&#8221;list-style7&#8243; cms_list_fontsize=&#8221;28&#8243; cms_list_lineheight=&#8221;1.8&#8243; cms_list_color=&#8221;#000000&#8243; cms_list=&#8221;%5B%7B%22cms_list_item%22%3A%22Mrena%20S%2C%20Savola%20K%2C%20Kulmala%20P%2C%20%C3%85kerblom%20HK%2C%20Knip%20M%20and%20the%20Childhood%20Diabetes%20in%20Finland%20Study%20Group.%20%20%20%20%20Staging%20of%20preclinical%20Type%20I%20diabetes%20in%20siblings%20of%20affected%20children.%20Pediatrics%20(1999)%20104%3A%20925-930.%22%7D%2C%7B%22cms_list_item%22%3A%22Mrena%20S%2C%20Savola%20K%2C%20Kulmala%20P%2C%20Reijonen%20H%2C%20Ilonen%20J%2C%20%C3%85kerblom%20HK%2C%20Knip%20M%20and%20the%20Childhood%20Diabetes%20in%20Finland%20%20%20%20Study%20Group.%20Genetic%20modification%20of%20risk%20assessment%20based%20on%20staging%20of%20preclinical%20type%201%20diabetes%20in%20siblings%20of%20%20%20%20%20affected%20children.%20J%20Clin%20Endocrinol%20Metab%20(2003)%2088%20(6)%3A%202682-2689.%22%7D%2C%7B%22cms_list_item%22%3A%22Mrena%20S%2C%20Savola%20K%2C%20Kulmala%20P%2C%20%C3%85kerblom%20HK%2C%20Knip%20M%20and%20the%20Childhood%20Diabetes%20in%20Finland%20Study%20Group.%20Natural%20course%20of%20preclinical%20type%201%20diabetes%20in%20siblings%20of%20affected%20children.%20Acta%20Paediatrica%20(2003)%2092%3A%201403-1410%22%7D%2C%7B%22cms_list_item%22%3A%22Mrena%20S%2C%20Virtanen%20S%2C%20Laippala%20P%2C%20Kulmala%20P%2C%20Ilonen%20J%2C%20%C3%85kerblom%20HK%2C%20Knip%20M%2C%20and%20the%20Childhood%20Diabetes%20in%20Finland%20Study%20Group.%20Models%20for%20predicting%20type%201%20diabetes%20in%20siblings%20of%20affected%20children.%20Diabetes%20Care.%202006%20Mar%3B29(3)%3A662-7.%22%7D%2C%7B%22cms_list_item%22%3A%22Tyypin%201%20diabeteksen%20luokittelu%20ja%20sen%20geneettinen%20sovellus%20diabeteksen%20ennustamisessa%20sairastuneiden%20lasten%20%20%20%20sisaruksilla.%20Diabetes%20ja%20L%C3%A4%C3%A4k%C3%A4ri%20%E2%80%93lehti%204%2F2004%22%7D%2C%7B%22cms_list_item%22%3A%22Posteri%20vuoden%202001%20ISPAD-kongressissa%20(Sienna%2C%20Italia)%22%7D%2C%7B%22cms_list_item%22%3A%22Posteri%20vuoden%202003%20ISPAD-kongressissa%20(St.%20Malo%2C%20Ranska)%22%7D%2C%7B%22cms_list_item%22%3A%22Juhlapuhuja%20Suomen%20lastenl%C3%A4%C3%A4k%C3%A4riyhdistyksen%2075-vuotisjuhlakokouksessa%2011.2.2005%22%7D%2C%7B%22cms_list_item%22%3A%22N%C3%A4%C3%B6n%20nopea%20heikkeneminen.%20Duodecim%2C%20Vinkist%C3%A4%20vihi%C3%A4.%202005%3B121(15)%3A1655-7%22%7D%2C%7B%22cms_list_item%22%3A%22V%C3%A4ittelin%20tyypin%201%20diabeteksen%20ennustamisesta%20sairastuneiden%20lasten%20sisaruksilla%2011.11.2005%22%7D%2C%7B%22cms_list_item%22%3A%22Mrena%20S%20Kivel%C3%A4%20T%20Kurttio%20P%20et%20al%20(%202011%20)%20Lens%20opacities%20among%20physicians%20occupationally%20exposed%20to%20ionizing%20radiation%E2%80%93a%20pilot%20study%20in%20Finland%20.%20Scand%20J%20Work%20Environ%20Health%20%20%3B%2037%20%3A%20237%20%E2%80%93%2043%22%7D%2C%7B%22cms_list_item%22%3A%22Eye%20Lens%20Opacities%20Among%20Physicians%20Occupationally%20Exposed%20to%20Ionizing%20Radiation%2C%20Ann%20Occup%20Hyg%20(2015)%20%2059%20(7)%3A%20945-948%22%7D%5D&#8221;][vc_empty_space height=&#8221;40px&#8221;][\/vc_column][vc_column width=&#8221;1\/6&#8243;][\/vc_column][\/vc_row][vc_row full_width=&#8221;stretch_row&#8221; content_placement=&#8221;top&#8221; css=&#8221;.vc_custom_1518870127636{background-color: #ffffff !important;}&#8221;][vc_column width=&#8221;5\/6&#8243; css=&#8221;.vc_custom_1518957976927{padding-top: 60px !important;padding-right: 60px !important;padding-bottom: 70px !important;}&#8221;][vc_column_text]<\/p>\n<h2>Ty\u00f6kokemus l\u00e4\u00e4k\u00e4rin\u00e4 toimimisesta<\/h2>\n<p>[\/vc_column_text][vc_empty_space height=&#8221;40px&#8221;][cms_list list_style=&#8221;list-style7&#8243; cms_list_fontsize=&#8221;28&#8243; cms_list_lineheight=&#8221;1.8&#8243; cms_list_color=&#8221;#000000&#8243; cms_list=&#8221;%5B%7B%22cms_list_item%22%3A%22L%C3%A4%C3%A4kint%C3%A4upseerikokelas%20P%C3%A4%C3%A4esikunnassa%20ja%20Keskussotilassairaalassa%202001-2002%22%7D%2C%7B%22cms_list_item%22%3A%22Katriinan%20terveysasema%20ja%20sairaala%202002-2003%22%7D%2C%7B%22cms_list_item%22%3A%22Pohjois-Karjalan%20Keskussairaalan%20silm%C3%A4tautien%20yksikk%C3%B6%202003-2005%22%7D%2C%7B%22cms_list_item%22%3A%22HYKS%20silm%C3%A4klinikka%202005-2017%22%7D%2C%7B%22cms_list_item%22%3A%22L%C3%A4%C3%A4ketieteen%20kandidaattien%20opetusteht%C3%A4v%C3%A4t%202006%22%7D%2C%7B%22cms_list_item%22%3A%22Espoon%2C%20Vantaan%20ja%20Kouvolan%20Yksityisen%20Silm%C3%A4sairaalan%20perustaja%22%7D%2C%7B%22cms_list_item%22%3A%22Silm%C3%A4sairaala%20Valo%20Helsingin%20ja%20Kouvolan%20perustaja%22%7D%2C%7B%22cms_list_item%22%3A%22J%C3%A4%C3%A4kiekon%20MM-kisojen%20virallinen%20silm%C3%A4l%C3%A4%C3%A4k%C3%A4ri%202012%2C%202013%20ja%202016%22%7D%2C%7B%22cms_list_item%22%3A%22Silm%C3%A4kirurgisia%20leikkauksia%20vuodesta%202003%20l%C3%A4htien.%20Erityisosaaminen%3A%20laserleikkaukset%2C%20sarveiskalvoleikkaukset%2C%20kaihileikkaukset%22%7D%5D&#8221;][\/vc_column][vc_column width=&#8221;1\/6&#8243;][\/vc_column][\/vc_row]<\/p>\n<\/div>","protected":false},"excerpt":{"rendered":"<p>[vc_row content_placement=&#8221;top&#8221; css=&#8221;.vc_custom_1518957166448{background-color: #ffffff !important;}&#8221;][vc_column width=&#8221;2\/3&#8243; css=&#8221;.vc_custom_1518870204235{margin-top: 0px !important;border-top-width: 0px !important;padding-top: 0px !important;padding-bottom: 40px !important;}&#8221;][vc_empty_space height=&#8221;40px&#8221;][vc_column_text] Tausta ja koulutus [\/vc_column_text][vc_empty_space height=&#8221;40px&#8221;][cms_list list_style=&#8221;list-style7&#8243; cms_list_fontsize=&#8221;28&#8243; cms_list_lineheight=&#8221;1.8&#8243; cms_list_color=&#8221;#000000&#8243; [&hellip;]<\/p>\n","protected":false},"author":7,"featured_media":0,"parent":0,"menu_order":0,"comment_status":"closed","ping_status":"closed","template":"","meta":{"footnotes":""},"class_list":["post-3568","page","type-page","status-publish","hentry"],"_links":{"self":[{"href":"https:\/\/samymrena.fi\/en\/wp-json\/wp\/v2\/pages\/3568","targetHints":{"allow":["GET"]}}],"collection":[{"href":"https:\/\/samymrena.fi\/en\/wp-json\/wp\/v2\/pages"}],"about":[{"href":"https:\/\/samymrena.fi\/en\/wp-json\/wp\/v2\/types\/page"}],"author":[{"embeddable":true,"href":"https:\/\/samymrena.fi\/en\/wp-json\/wp\/v2\/users\/7"}],"replies":[{"embeddable":true,"href":"https:\/\/samymrena.fi\/en\/wp-json\/wp\/v2\/comments?post=3568"}],"version-history":[{"count":21,"href":"https:\/\/samymrena.fi\/en\/wp-json\/wp\/v2\/pages\/3568\/revisions"}],"predecessor-version":[{"id":4876,"href":"https:\/\/samymrena.fi\/en\/wp-json\/wp\/v2\/pages\/3568\/revisions\/4876"}],"wp:attachment":[{"href":"https:\/\/samymrena.fi\/en\/wp-json\/wp\/v2\/media?parent=3568"}],"curies":[{"name":"wp","href":"https:\/\/api.w.org\/{rel}","templated":true}]}}

<div class="wpb-content-wrapper"><p>[vc_row content_placement=&#8221;top&#8221; css=&#8221;.vc_custom_1518957166448{background-color: #ffffff !important;}&#8221;][vc_column width=&#8221;2/3&#8243; css=&#8221;.vc_custom_1518870204235{margin-top: 0px !important;border-top-width: 0px !important;padding-top: 0px !important;padding-bottom: 40px !important;}&#8221;][vc_empty_space height=&#8221;40px&#8221;][vc_column_text]</p>
<h2>Tausta ja koulutus</h2>
<p>[/vc_column_text][vc_empty_space height=&#8221;40px&#8221;][cms_list list_style=&#8221;list-style7&#8243; cms_list_fontsize=&#8221;28&#8243; cms_list_lineheight=&#8221;1.8&#8243; cms_list_color=&#8221;#000000&#8243; cms_list=&#8221;%5B%7B%22cms_list_item%22%3A%22Synnyin%20vuonna%201974%20Vantaalla%22%7D%2C%7B%22cms_list_item%22%3A%22Valmistuin%20l%C3%A4%C3%A4ketieteen%20lisensiaatiksi%20Tampereen%20yliopistosta%202001%22%7D%2C%7B%22cms_list_item%22%3A%22V%C3%A4ittelin%20aiheesta%20tyypin%201%20diabeteksen%20ennustaminen%20sairastuneiden%20lasten%20sisaruksilla%202005%22%7D%2C%7B%22cms_list_item%22%3A%22Silm%C3%A4tautien%20erikoisl%C3%A4%C3%A4k%C3%A4rin%20p%C3%A4tevyys%202007%22%7D%2C%7B%22cms_list_item%22%3A%22Fellow%20of%20The%20European%20Board%20of%20Ophthalmology-p%C3%A4tevyys%202007%22%7D%2C%7B%22cms_list_item%22%3A%22Silm%C3%A4kirurgian%20erityisp%C3%A4tevyys%202009%22%7D%2C%7B%22cms_list_item%22%3A%22L%C3%A4%C3%A4ketieteen%20ja%20kirurgian%20tohtori%2C%20%20Helsingin%20yliopiston%20l%C3%A4%C3%A4ketieteellisen%20tiedekunnan%20XIV%20tohtoripromootio%202016%22%7D%5D&#8221;][/vc_column][vc_column width=&#8221;1/3&#8243; css=&#8221;.vc_custom_1518870212522{margin-top: 0px !important;border-top-width: 0px !important;padding-top: 0px !important;padding-bottom: 40px !important;}&#8221;][vc_single_image image=&#8221;3575&#8243; img_size=&#8221;medium&#8221; add_caption=&#8221;yes&#8221; alignment=&#8221;center&#8221;][vc_empty_space height=&#8221;20px&#8221;][vc_column_text]</p>
<h3 style="text-align: center;"><strong><span style="color: #000000;">Samy Mrena Silmälääkäri</span></strong></h3>
<h6 style="text-align: center;"><span style="color: #808080;">Erikoisosaaminen: Erityisesti kaihi- ja sarveiskalvo-ongelmaiset potilaat sekä refraktiivisen kirurgian potilaat, leikkauspotilaiden esi- ja jälkitarkastukset, sekä päivystyspotilaat.</span></h6>
<p>[/vc_column_text][vc_row_inner content_placement=&#8221;middle&#8221;][vc_column_inner][vc_empty_space height=&#8221;20px&#8221;][vc_btn title=&#8221;VÄITÖSKIRJA&#8221; style=&#8221;custom&#8221; custom_background=&#8221;#282f37&#8243; custom_text=&#8221;#ffffff&#8221; align=&#8221;center&#8221; link=&#8221;url:%2Fwp-content%2Fuploads%2F2022%2F04%2Fpreclini.pdf|target:_blank&#8221;][/vc_column_inner][/vc_row_inner][/vc_column][/vc_row][vc_row full_width=&#8221;stretch_row&#8221; content_placement=&#8221;top&#8221; css=&#8221;.vc_custom_1518869815542{background-color: #d3d3d3 !important;}&#8221;][vc_column width=&#8221;5/6&#8243; css=&#8221;.vc_custom_1518957986224{padding-top: 60px !important;padding-right: 60px !important;padding-bottom: 70px !important;}&#8221;][vc_column_text]</p>
<h2>Julkaisut ja tutkimustyö</h2>
<p>[/vc_column_text][vc_empty_space height=&#8221;40px&#8221;][cms_list list_style=&#8221;list-style7&#8243; cms_list_fontsize=&#8221;28&#8243; cms_list_lineheight=&#8221;1.8&#8243; cms_list_color=&#8221;#000000&#8243; cms_list=&#8221;%5B%7B%22cms_list_item%22%3A%22Mrena%20S%2C%20Savola%20K%2C%20Kulmala%20P%2C%20%C3%85kerblom%20HK%2C%20Knip%20M%20and%20the%20Childhood%20Diabetes%20in%20Finland%20Study%20Group.%20%20%20%20%20Staging%20of%20preclinical%20Type%20I%20diabetes%20in%20siblings%20of%20affected%20children.%20Pediatrics%20(1999)%20104%3A%20925-930.%22%7D%2C%7B%22cms_list_item%22%3A%22Mrena%20S%2C%20Savola%20K%2C%20Kulmala%20P%2C%20Reijonen%20H%2C%20Ilonen%20J%2C%20%C3%85kerblom%20HK%2C%20Knip%20M%20and%20the%20Childhood%20Diabetes%20in%20Finland%20%20%20%20Study%20Group.%20Genetic%20modification%20of%20risk%20assessment%20based%20on%20staging%20of%20preclinical%20type%201%20diabetes%20in%20siblings%20of%20%20%20%20%20affected%20children.%20J%20Clin%20Endocrinol%20Metab%20(2003)%2088%20(6)%3A%202682-2689.%22%7D%2C%7B%22cms_list_item%22%3A%22Mrena%20S%2C%20Savola%20K%2C%20Kulmala%20P%2C%20%C3%85kerblom%20HK%2C%20Knip%20M%20and%20the%20Childhood%20Diabetes%20in%20Finland%20Study%20Group.%20Natural%20course%20of%20preclinical%20type%201%20diabetes%20in%20siblings%20of%20affected%20children.%20Acta%20Paediatrica%20(2003)%2092%3A%201403-1410%22%7D%2C%7B%22cms_list_item%22%3A%22Mrena%20S%2C%20Virtanen%20S%2C%20Laippala%20P%2C%20Kulmala%20P%2C%20Ilonen%20J%2C%20%C3%85kerblom%20HK%2C%20Knip%20M%2C%20and%20the%20Childhood%20Diabetes%20in%20Finland%20Study%20Group.%20Models%20for%20predicting%20type%201%20diabetes%20in%20siblings%20of%20affected%20children.%20Diabetes%20Care.%202006%20Mar%3B29(3)%3A662-7.%22%7D%2C%7B%22cms_list_item%22%3A%22Tyypin%201%20diabeteksen%20luokittelu%20ja%20sen%20geneettinen%20sovellus%20diabeteksen%20ennustamisessa%20sairastuneiden%20lasten%20%20%20%20sisaruksilla.%20Diabetes%20ja%20L%C3%A4%C3%A4k%C3%A4ri%20%E2%80%93lehti%204%2F2004%22%7D%2C%7B%22cms_list_item%22%3A%22Posteri%20vuoden%202001%20ISPAD-kongressissa%20(Sienna%2C%20Italia)%22%7D%2C%7B%22cms_list_item%22%3A%22Posteri%20vuoden%202003%20ISPAD-kongressissa%20(St.%20Malo%2C%20Ranska)%22%7D%2C%7B%22cms_list_item%22%3A%22Juhlapuhuja%20Suomen%20lastenl%C3%A4%C3%A4k%C3%A4riyhdistyksen%2075-vuotisjuhlakokouksessa%2011.2.2005%22%7D%2C%7B%22cms_list_item%22%3A%22N%C3%A4%C3%B6n%20nopea%20heikkeneminen.%20Duodecim%2C%20Vinkist%C3%A4%20vihi%C3%A4.%202005%3B121(15)%3A1655-7%22%7D%2C%7B%22cms_list_item%22%3A%22V%C3%A4ittelin%20tyypin%201%20diabeteksen%20ennustamisesta%20sairastuneiden%20lasten%20sisaruksilla%2011.11.2005%22%7D%2C%7B%22cms_list_item%22%3A%22Mrena%20S%20Kivel%C3%A4%20T%20Kurttio%20P%20et%20al%20(%202011%20)%20Lens%20opacities%20among%20physicians%20occupationally%20exposed%20to%20ionizing%20radiation%E2%80%93a%20pilot%20study%20in%20Finland%20.%20Scand%20J%20Work%20Environ%20Health%20%20%3B%2037%20%3A%20237%20%E2%80%93%2043%22%7D%2C%7B%22cms_list_item%22%3A%22Eye%20Lens%20Opacities%20Among%20Physicians%20Occupationally%20Exposed%20to%20Ionizing%20Radiation%2C%20Ann%20Occup%20Hyg%20(2015)%20%2059%20(7)%3A%20945-948%22%7D%5D&#8221;][vc_empty_space height=&#8221;40px&#8221;][/vc_column][vc_column width=&#8221;1/6&#8243;][/vc_column][/vc_row][vc_row full_width=&#8221;stretch_row&#8221; content_placement=&#8221;top&#8221; css=&#8221;.vc_custom_1518870127636{background-color: #ffffff !important;}&#8221;][vc_column width=&#8221;5/6&#8243; css=&#8221;.vc_custom_1518957976927{padding-top: 60px !important;padding-right: 60px !important;padding-bottom: 70px !important;}&#8221;][vc_column_text]</p>
<h2>Työkokemus lääkärinä toimimisesta</h2>
<p>[/vc_column_text][vc_empty_space height=&#8221;40px&#8221;][cms_list list_style=&#8221;list-style7&#8243; cms_list_fontsize=&#8221;28&#8243; cms_list_lineheight=&#8221;1.8&#8243; cms_list_color=&#8221;#000000&#8243; cms_list=&#8221;%5B%7B%22cms_list_item%22%3A%22L%C3%A4%C3%A4kint%C3%A4upseerikokelas%20P%C3%A4%C3%A4esikunnassa%20ja%20Keskussotilassairaalassa%202001-2002%22%7D%2C%7B%22cms_list_item%22%3A%22Katriinan%20terveysasema%20ja%20sairaala%202002-2003%22%7D%2C%7B%22cms_list_item%22%3A%22Pohjois-Karjalan%20Keskussairaalan%20silm%C3%A4tautien%20yksikk%C3%B6%202003-2005%22%7D%2C%7B%22cms_list_item%22%3A%22HYKS%20silm%C3%A4klinikka%202005-2017%22%7D%2C%7B%22cms_list_item%22%3A%22L%C3%A4%C3%A4ketieteen%20kandidaattien%20opetusteht%C3%A4v%C3%A4t%202006%22%7D%2C%7B%22cms_list_item%22%3A%22Espoon%2C%20Vantaan%20ja%20Kouvolan%20Yksityisen%20Silm%C3%A4sairaalan%20perustaja%22%7D%2C%7B%22cms_list_item%22%3A%22Silm%C3%A4sairaala%20Valo%20Helsingin%20ja%20Kouvolan%20perustaja%22%7D%2C%7B%22cms_list_item%22%3A%22J%C3%A4%C3%A4kiekon%20MM-kisojen%20virallinen%20silm%C3%A4l%C3%A4%C3%A4k%C3%A4ri%202012%2C%202013%20ja%202016%22%7D%2C%7B%22cms_list_item%22%3A%22Silm%C3%A4kirurgisia%20leikkauksia%20vuodesta%202003%20l%C3%A4htien.%20Erityisosaaminen%3A%20laserleikkaukset%2C%20sarveiskalvoleikkaukset%2C%20kaihileikkaukset%22%7D%5D&#8221;][/vc_column][vc_column width=&#8221;1/6&#8243;][/vc_column][/vc_row]</p>
</div>
